
73
Suppose 10*d = -119 + 349. What is the highest common factor of d and 184?
23
Let u = 755 - 360. Suppose 5*j + u = -4*a + 1456, 4*a = 3*j + 1053. Calculate the greatest common divisor of a and 33.
33
Suppose -4*n = -4*f + 424, 4*f + 4*n + 69 - 461 = 0. Suppose 4*w - f = w. What is the greatest common divisor of w and 85?
17
Let y = 28 + -13. Calculate the highest common divisor of y and 105.
15
Let i = 212 + -113. What is the highest common factor of 9 and i?
9
Suppose 4*p + 0*p = -28. Let l be 23/3 - p/21. Calculate the greatest common divisor of l and 64.
8
Let x = -174 + 360. Suppose x = 4*k - 94. Let y(s) = s**3 + 7*s**2 + 7*s - 1. Let b be y(-5). What is the highest common divisor of b and k?
14
Let v(d) = d - 2. Let g be v(4). Suppose 0 = g*s - 4*l - 266, s - l = 37 + 96. Let r = 20 - 1. Calculate the greatest common divisor of r and s.
19
Let x(j) be the third derivative of j**4/2 - j**3 + 6*j**2. Let m be x(4). What is the highest common factor of m and 6?
6
Let p(h) = -17*h + 4. Let m be p(-1). What is the highest common divisor of m and 189?
21
Let y(j) = -3*j**2 - 45*j - 20. Let o(i) = -2*i**2 - 30*i - 13. Let d(z) = 8*o(z) - 5*y(z). Let g be d(-8). What is the highest common divisor of 78 and g?
26
Suppose 0 = -y + 3 + 10. Let z = 117 - 13. Calculate the greatest common divisor of y and z.
13
Suppose 13 = 2*m + 1. Suppose -2*l = -m, -6*l + l + 35 = w. What is the greatest common factor of w and 50?
10
Let c be 16/(-10)*(-50)/20. Let s = -2 + c. What is the highest common factor of 16 and s?
2
Let b = 7 + -11. Let n(y) = 2*y**2 - 4*y. Let u be n(b). What is the highest common factor of 16 and u?
16
Let g = -6 + 17. What is the highest common factor of 11 and g?
11
Suppose 2*z = -0*i - 3*i + 210, 3*i + 525 = 5*z. Suppose -21 = -2*n + 9. Calculate the greatest common factor of n and z.
15
Let z be (-12)/(-9)*9/4. Calculate the highest common factor of 9 and z.
3
Let t(p) = -3*p - 4. Let a be t(-3). Suppose -3*j + 51 = -b, 15 = -a*b - 0. What is the greatest common factor of j and 80?
16
Let h be 16/15*-3*5/(-2). What is the greatest common divisor of 2 and h?
2
Suppose 7*b - 2*b = 160. Let d be (7/(-2))/((-1)/4). Let f = 30 - d. What is the highest common divisor of b and f?
16
Let y be -3 + 2 + -2 - 0. Let d be ((-1)/y)/((-1)/(-117)). Calculate the highest common divisor of 13 and d.
13
Let g(p) = -p**2 + 6*p + 7. Let u be g(6). Let v = 10 - u. Let a = 0 - -6. What is the greatest common factor of v and a?
3
Let j = 21 - 10. Calculate the greatest common factor of 11 and j.
11
Suppose -y - 24 + 127 = 2*t, -t = -y - 53. Calculate the highest common factor of 13 and t.
13
Suppose -3*j + 2*j - 16 = -2*w, 32 = 4*w + j. Suppose 172 - 28 = 6*s. What is the highest common factor of s and w?
8
Suppose -3*z + 6*z = -3. Let b be (z/(-2))/((-3)/(-714)). Let j be 3/(-3) + 18*1. What is the greatest common divisor of j and b?
17
Let y(j) = 1 + 0 + 3 + j - 2. Let a be y(-2). Suppose 2*c - 103 - 51 = a. Calculate the greatest common factor of c and 11.
11
Let p(i) = 26*i + 2. Let z be p(2). Let k be (37*-1)/(3/(-9)). Suppose k = 4*t - t + 3*v, -4*t - 5*v = -149. Calculate the highest common divisor of z and t.
18
Let y(k) = -k - 1. Let t(n) = 19*n - 3. Let r(a) = -t(a) + 3*y(a). Let f be r(-1). Calculate the highest common divisor of 66 and f.
22
Suppose -w = 3*w + 40. Let p = w + 16. Let h be 2/(-7) - (-130)/14. What is the greatest common factor of p and h?
3
Suppose -t - 3*s = 0, 4*t - 10 = 3*s - 5*s. Let d = 109 - 76. What is the greatest common factor of d and t?
3
Suppose 4*a - a - 33 = 0. Let y = 21 - a. What is the highest common divisor of 90 and y?
10
Let u(d) = d**2 - d - 1. Let g(t) = -2*t**2 + 2*t + 37. Let x(b) = g(b) + u(b). Let o = 1 - 1. Let i be x(o). What is the greatest common divisor of 24 and i?
12
Let i be (142 - -2)*15/6. Let b be 4/(-10) + i/25. What is the highest common factor of 154 and b?
14
Suppose -3*u + 40 = 2*b, 2*b + 1 = -1. Let h be (u/4)/(2/12). What is the greatest common factor of 105 and h?
21
Let k(u) = u**2 - 3*u. Let d be k(4). Suppose -d*t = -0*t + 12. Let g be 9/2*(-2)/t. What is the highest common divisor of 9 and g?
3
Let g = -7 + 10. Suppose -g = -b - 2*b. What is the greatest common divisor of b and 1?
1
Let b(g) = 2*g**2 + 14*g + 22. Let t be b(-5). Suppose 0 = -5*n - 2 + 27. Suppose y + h = n*h + 2, -y = -h - 2. Calculate the highest common factor of y and t.
2
Suppose -5*f = -2*u + 43, 3*u - 3*f + 8 - 77 = 0. What is the highest common factor of 16 and u?
8
Let u be 1/(-2)*1*-18. Suppose u = -3*x + 24. What is the highest common factor of x and 25?
5
Let d(h) = 2*h**3 - 9 + 2*h - 4*h**2 + 12*h**2 - 3*h**3. Let a be d(8). What is the highest common divisor of a and 49?
7
Suppose -4*m = -6*m - 6. Let z = 0 - m. Suppose z*p = p + 30. Calculate the highest common divisor of 6 and p.
3
Let d be (0 + -1 + 1)/(-2). Suppose -4*a + d*u = -3*u - 420, -2*a = -5*u - 196. Let n = 41 - 29. What is the highest common divisor of n and a?
12
Let i = 183 - 159. What is the highest common divisor of i and 12?
12
Let p = -8 - -13. Let x(n) = n**3 - 4*n**2 + 5*n - 3. Let r be x(3). Suppose 0 = -r*h + 2*h + 35. Calculate the greatest common divisor of p and h.
5
Let t(h) = -h**3 - 5*h**2 - 4*h + 2. Let a be t(-5). What is the highest common factor of a and 154?
22
Suppose 352 = -x - 3*x. Let t be x/(-3) - 2/6. Let a = -17 + t. Calculate the greatest common factor of 132 and a.
12
Suppose 2*h - 113 = -5*g, 2*g - 3*h - 50 = -5*h. Suppose 23 = k - 5*i, 7*k - 3*i = 4*k + g. What is the highest common divisor of 15 and k?
3
Suppose -6*z + 525 = -135. What is the greatest common divisor of 10 and z?
10
Let o(c) = c**2 + 8*c + 6. Let z be o(-9). Calculate the greatest common divisor of 10 and z.
5
Let m(d) = d**2 + 11. Let x be m(0). Suppose n + 0*t - 93 = 2*t, -4*n = 5*t - 411. What is the highest common divisor of n and x?
11
Suppose 4*a - 320 = -5*b, b + 209 = 3*a - 3*b. What is the highest common divisor of 30 and a?
15
Let y be 1/(3/(-3 + 0)). Let c be (5 - y)/(-3) + 7. Suppose -c*i = -4*h + 37, 29 = -2*h + 5*h - 4*i. What is the highest common factor of h and 3?
3
Suppose -5*s = -2*s - 171. Let y be ((-57)/4)/((-6)/16). Calculate the highest common factor of s and y.
19
Suppose 16 = 4*c - 24. What is the greatest common divisor of 10 and c?
10
Suppose 4*m - 5*v + 2*v - 83 = 0, 2*m - 36 = -4*v. Let h be (-3)/(-21) + 110/14. Calculate the greatest common factor of h and m.
4
Let p(d) = 1 - 5 + 4*d + 1 + 1. Let h be p(5). Let l be 158/6 - 4/(-6). What is the highest common factor of h and l?
9
Let v = -266 - -362. Let j = -30 - -44. Let l = -2 + j. What is the greatest common divisor of l and v?
12
Suppose 0 = -5*q + 5*x + 80, -2*x = -3 - 1. What is the greatest common factor of 162 and q?
18
Let h = -63 + 73. What is the greatest common factor of 5 and h?
5
Let t(a) = -2*a - a**3 + 6*a - a**2 - 4*a. Let q be t(-2). What is the highest common factor of 28 and q?
4
Let p(s) = s - 3. Let v = 4 + 0. Let d be p(v). Calculate the greatest common divisor of 1 and d.
1
Suppose 0 = 9*l - 612 - 180. Calculate the highest common divisor of l and 11.
11
Let w(q) = -q**3 - 16*q**2 + 18*q + 27. Let p be w(-17). Calculate the greatest common divisor of p and 90.
10
Suppose 2 = -4*w - 2*h, -2*w - h = -6*w - 5. Let u = w + 15. Suppose -4*p + 3*z + 9 = 2*z, 0 = 4*p + 4*z - 4. Calculate the highest common divisor of u and p.
2
Suppose f = 7 + 3. Let x be (27/6)/(1/f). What is the greatest common divisor of 15 and x?
15
Suppose -5*n + 10 = -4*n. Suppose 0 = 4*j - 432 + 32. What is the greatest common divisor of n and j?
10
Suppose -17*h = -10*h - 56. What is the greatest common divisor of h and 2?
2
Let o be 4/(-16) + 26/8. Let d be (2 - (6 - o)) + 19. Let f = 1 + 1. Calculate the highest common divisor of f and d.
2
Let c(r) = 1. Let w(n) = n + 5. Let t(l) = -3*c(l) + w(l). Let g be t(12). Calculate the highest common divisor of g and 42.
14
Let z(a) = -2*a + 36. Let q be z(17). Let s be 2/3 - (-2212)/3. Suppose -m - 2*d = -177, -2*m - 2*d + s = q*m. Calculate the greatest common factor of m and 17.
17
Let c(m) = -7*m - 5. Let a be c(-5). Let w = a - 19. What is the highest common factor of 33 and w?
11
Suppose -8*a + 7*a = -110. Wh